-d*w - 9 = 0, -4*n + 67 = -3*w - 454. List the prime factors of n.
2
Let i = 6874 - 1047. What are the prime factors of i?
5827
Let d(g) = 4*g**3 + 11*g**2 + 10*g - 9. Let u(h) = 11*h**3 + 31*h**2 + 29*h - 26. Let r(y) = 17*d(y) - 6*u(y). List the prime factors of r(4).
131
Let m be (7 - 7)/((-2)/(-1)). Suppose 3*l - 22 + 34 = m. List the prime factors of 9/18 + (-294)/l.
2, 37
Suppose -44*o + 15064232 = 114*o + 4803870. What are the prime factors of o?
7, 9277
Let y = 106501 - 62011. What are the prime factors of y?
2, 3, 5, 1483
Suppose -f + 3*f + 4*s - 15686 = 0, 7833 = f + 4*s. What are the prime factors of f?
7853
Let l(y) = -y**3 - 17*y**2 + 17*y + 62. Let m be l(-18). Suppose 5*p - 2*t - 1428 = 0, -m - 504 = -2*p + 4*t. What are the prime factors of p?
2, 71
Suppose 4*p - 3*b + 36 = 11, b = -4*p - 29. Let d(r) = -90*r + 182. What are the prime factors of d(p)?
2, 7, 29
Let p = 523 + -378. Suppose p*c = 150*c - 2300. List the prime factors of c.
2, 5, 23
Suppose -x + f - 15 = 0, 0 = 4*f + 4 + 8. Let t = -15 - x. Suppose 0 = -5*q + t*m + 166, 4*q + 3*m + 0*m - 122 = 0. List the prime factors of q.
2
Let n = 5246 + 8224. What are the prime factors of n?
2, 3, 5, 449
Let u be 15*(-3 - -6)/(-3). What are the prime factors of (-3 - 108/u)/(19/1045)?
3, 7, 11
Let r(z) = 40*z**2 - z - 4. Let k(f) = f + 0*f**2 + f**2 - 15*f + 38. Let q be k(4). List the prime factors of r(q).
2, 79
Suppose -19*v + 152539 = -152563. What are the prime factors of v?
2, 7, 31, 37
Let d = 18300 - 10758. What are the prime factors of d?
2, 3, 419
Suppose 239068 = 10*i + 49*i. Let v = i - 2586. What are the prime factors of v?
2, 733
Suppose 63917 + 50067 = 16*u. What are the prime factors of u?
2, 13, 137
Suppose 2*o - 5*v - 48955 = 0, -4152*v = o - 4156*v - 24491. What are the prime factors of o?
5, 67, 73
Let n be (72/(-20))/(2/(-225)). Let m = n - 20. List the prime factors of m.
5, 7, 11
Let o(q) = 473*q**2 + 493*q + 3. List the prime factors of o(-5).
3, 3121
Suppose -72*u - 100449 = -80*u + 17847. List the prime factors of u.
3, 31, 53
Let q = 508 - -723. Suppose -q = -3*x + 233. What are the prime factors of x?
2, 61
Suppose 26*j = j + 14750. Let p = j - 405. What are the prime factors of p?
5, 37
Let t be 171 - (6/(-2))/(5 - 2). Suppose -264 = 171*q - t*q. List the prime factors of q.
2, 3, 11
Suppose 3*h = 6*t + 9063, -4*h + 1862 = 3*t - 10266. List the prime factors of h.
13, 233
Let a(w) = -14*w + 12. Suppose -3*p - 3*f = -6*p - 45, -4*f = 12. Let b be a(p). Let t = -163 + b. What are the prime factors of t?
101
Let n(u) = -5*u - 1. Let f = 61 - 62. Let p be n(f). Suppose 3*w + t - 507 = -2*w, 0 = 2*w + p*t - 192. List the prime factors of w.
2, 3, 17
Let d(m) = -3896*m**3 + m**2 + 21*m + 36. List the prime factors of d(-2).
2, 15583
Suppose -o = -7*b + 31817, -b + 12*o + 4541 = 14*o. What are the prime factors of b?
3, 5, 101
What are the prime factors of 40186 + (22 - 1) - 6/(-2)?
2, 5, 4021
Let u = -69 - -69. Suppose u = 3*d - 2*t - 0 + 3, 4*d + 5 = 3*t. List the prime factors of 58*2/8*8/d.
2, 29
Suppose -8*v + 99200 = 8*v. Suppose -46*w + v = -36*w. What are the prime factors of w?
2, 5, 31
Let b = -230 - -636. Let t = b - -362. What are the prime factors of t?
2, 3
Suppose 0*g + 1915 = -4*u - g, 4*g = u + 483. Let z = -294 - u. What are the prime factors of z?
5, 37
Let j = 37671 - 22433. List the prime factors of j.
2, 19, 401
Suppose 41 = 3*q + 2*a, 4*q - a + 27 = 6*q. Suppose 4912 = q*s - 5059. List the prime factors of s.
13, 59
Suppose 96 = 4*f + 8*f. Suppose 23*t - 15*t - f = 0. List the prime factors of ((-196)/(-1) + -5)/t.
191
What are the prime factors of 9/(-81)*-30*(4 + 1319)?
2, 3, 5, 7
Suppose -409 = 3*m + 14. Suppose 4*k - 980 = 28. Let o = k + m. List the prime factors of o.
3, 37
Let g be (-6 + 156/30)*-10. Suppose 15*y = g*y + 1785. What are the prime factors of y?
3, 5, 17
Suppose 2*g + 4*v = -4163 + 20533, -4*v = 3*g - 24561. What are the prime factors of g?
8191
Let g(u) = -9*u**2 - 9*u + 14. Let z be g(5). Let v = 396 - z. What are the prime factors of v?
2, 163
Let n be 8/10 + (-336)/(-105). Suppose 3030 - 658 = n*c. List the prime factors of c.
593
Suppose -f - 5 + 15 = 0. What are the prime factors of (0 - 3)/((420/(-6706))/f)?
479
Let g be 10 - (3 + 10) - 8/(-1). Suppose -3*w + 6*o - 10*o = -2118, g*w - 2*o - 3556 = 0. List the prime factors of w.
2, 5, 71
Let a(d) = d**2 - 14*d + 90. Let n = 60 + -55. What are the prime factors of a(n)?
3, 5
Let b(l) = -7*l - 10. Let w = 22 - 7. Suppose 16*q - 11*q + w = 0. What are the prime factors of b(q)?
11
Let h(o) = 159*o**2 + 1. Suppose 43*z - 2 = 42*z. Suppose -3*s - 2*u - 5 = 0, -z*u - u = 4*s + 7. List the prime factors of h(s).
2, 5
Suppose -12 = -4*u, 11 = 2*q + u + 2*u. What are the prime factors of q/(-6 + 3801/633)?
211
Suppose -q - 25 = -4*t + 4*q, 2*q + 10 = 0. Suppose -3*u + t*n - 346 = -2*n, 0 = 2*u + 3*n + 222. Let v = 192 + u. List the prime factors of v.
2, 3, 13
Let u be (-2)/(93/99 - 1). Let j = u + -30. Suppose j*y = 5*y - 226. List the prime factors of y.
113
List the prime factors of 14*(-16855)/(-110) - 16/88.
3, 5, 11, 13
Let j(u) = 15*u**2 - 4*u + 660. What are the prime factors of j(-18)?
2, 3, 233
Suppose -2*k + 12147 - 3622 = -13761. What are the prime factors of k?
11, 1013
Let b be 4/(-5)*(-1 + 17/2). Let p(c) = -c**2 - 11*c - 30. Let t be p(b). Suppose t = 2*u - 5*k - 295, -2*k + 400 + 90 = 3*u. List the prime factors of u.
2, 5
Let a(d) = d**3 - d**2 - d - 3. Let i be a(-4). Suppose 3*p - f + 6*f + 519 = 0, 543 = -3*p + 3*f. Let z = i - p. What are the prime factors of z?
3, 11
Let d(u) = -32*u**2 - 7*u + 27*u**2 + 18*u**2 - 15 - u**3. What are the prime factors of d(10)?
5, 43
Suppose 0 = -11*n + 6*n + 20. Let x be 1/2*3/24*0. Suppose n*t - 2*t - 42 = x. List the prime factors of t.
3, 7
Suppose -2*b + 1352 = 4*z, -5*b + 3*z = 8*z - 3395. Let j = 1201 - b. List the prime factors of j.
3, 173
Suppose 5*j - 157 = b, 9*b = 4*j + 5*b - 132. What are the prime factors of ((-34)/(-6))/(j/1674)?
2, 3, 17
Suppose w = 0, -4*w + 25 = 4*n + 49. List the prime factors of n*(-5)/(-255) + 22854/51.
2, 7
What are the prime factors of (168/(-924))/((-2)/183986) + (0 - -5)?
3, 11, 13
Suppose 0 = 3*u - 272*w + 268*w - 114438, -u + 38114 = 4*w. What are the prime factors of u?
2, 19069
Suppose 5*c - 27 = 4*q, 2*q + 4*c = 1 + 5. Let i = q + -4. What are the prime factors of (-7 + i)*(30/(-4) - -1)?
7, 13
Let d be (-9 + 1427)*(-3)/(-6). Let z = -237 + d. Suppose -z = -4*h - 4*h. List the prime factors of h.
59
Suppose 3*q - 12 = 9. Suppose q*m - 2*m - 4*v = 900, 5*v = -2*m + 393. List the prime factors of m.
2, 23
Let o be (-8)/((-40)/25) + 474. Let v = 527 - o. What are the prime factors of v?
2, 3
Let p(z) = -8*z + 74. Let i be (63/(-45) - 4/(-10))*10. What are the prime factors of p(i)?
2, 7, 11
Let u be -1 + -1 + 1456 + 56/(-8). Let c = u - 635. What are the prime factors of c?
2, 7, 29
Suppose 183594 = 119*f - 113*f. List the prime factors of f.
37, 827
Let i(c) = -5*c**3 + 3*c + 1. Let o be i(-2). Suppose -2*t + o = -19. Suppose 0 = 2*z + t - 169. List the prime factors of z.
71
Suppose 6*y - 46 = -16. Suppose 18 = y*a - 27. What are the prime factors of a?
3
Suppose 5*d - 133 = m - 51, -5*d = -5*m - 370. Let b = 48 + m. What are the prime factors of (0 - -25)/(1 - (-18)/b)?
2, 5
What are the prime factors of (-52675)/(-645)*(2 - 0 - -7)?
3, 5, 7
Let u(w) = 155*w**2 + 33*w - 18. List the prime factors of u(-19).
2, 5, 5531
Let t = 7 - 12. Suppose 0 = -5*c + 2*x + 6, 2*x + 2 = -3*c + 6*x. What are the prime factors of (t - -35)*(c/3 - 0)?
2, 5
Let b = 181 + -72. Suppose 104 - 308 = 4*w. Let k = w + b. List the prime factors of k.
2, 29
Let r = -12 - -1013. Suppose d - 4*y = r, -3*y - 5975 = -5*d - 919. What are the prime factors of d?
1013
Suppose 0 = -2*b + 3*c - 51 - 441, -5*b - 1180 = 5*c. Let f be 1/2 + 22/(-4). What are the prime factors of b/f - (-2)/1?
2, 5
Let p be (-6)/(-9)*15/(-1). Suppose 23 + 49 = 3*c. List the prime factors of ((2 - -1) + -8)*c/p.
2, 3
Let m = 12044 + -2912. List the prime factors of m.
2, 3, 761
Suppose -2*k = -7*y + 338363, 4*y - 102862 = -3*k + 90509. List the prime factors of y.
3, 41, 131
Suppose 31 = -27*t + 85. What are the pr